57
Let x(g) = g**3 + 159*g**2 + 157*g - 100. Determine x(-158).
58
Let v(u) = 5*u**3 + 1530*u**2 + 16230*u + 11. Calculate v(-11).
-44
Let u(x) = -1894*x + 4273. Determine u(2).
485
Let q(y) = y**3 - 13*y**2 + 30*y - 3463. Calculate q(20).
-63
Let h(i) = -12*i**2 + 2596*i + 62922. What is h(-22)?
2
Let u(b) = -b**2 - 5249*b + 20898. What is u(4)?
-114
Let l(u) = -82*u**2 + 406*u - 61. Determine l(5).
-81
Let b(a) = -63947*a - 447619. Determine b(-7).
10
Let q(y) = -433*y - 4762. Calculate q(-10).
-432
Let r(x) = -x**2 + 155837*x - 1402460. What is r(9)?
-8
Let f(j) = 276*j**3 - j**2 - 448*j + 908. Give f(2).
2216
Let h(y) = 5698*y**2 + 34190*y - 27. What is h(-6)?
-39
Let m(z) = 2*z**3 - 6220*z**2 - 37390*z - 8. Calculate m(-6).
-20
Let k(p) = -26*p**3 - 441*p**2 - 7*p - 102. What is k(-17)?
306
Let s(g) = -217*g - 114. Determine s(1).
-331
Let g(c) = c**3 - 164*c**2 + 16*c - 2716. What is g(164)?
-92
Let y(f) = -f**2 - 1614*f - 2383. What is y(0)?
-2383
Let y(z) = 8*z**2 - 1353*z - 4132. Determine y(-3).
-1
Let h(j) = -3*j**2 + 96*j + 4258. Calculate h(-25).
-17
Let r(n) = 2*n**3 + 765*n**2 - 448581*n - 2085. What is r(-702)?
21
Let q(i) = -2*i**3 + 17*i**2 + 7*i - 112. Calculate q(9).
-130
Let f(x) = -5372042*x - 26860208. Calculate f(-5).
2
Let f(j) = -2*j**3 - 220*j**2 + 6*j - 49504. Determine f(-112).
0
Let y(v) = -456*v - 9404. Give y(-19).
-740
Let b(u) = 223*u - 22205. What is b(103)?
764
Let v(b) = -b**2 - 308*b - 6086. Determine v(-287).
-59
Let r(u) = -4*u**2 + 62*u - 154. What is r(19)?
-420
Let z(m) = m**3 + 112*m**2 + 101*m - 1153. What is z(-111)?
-43
Let k(h) = -7132*h + 85490. What is k(12)?
-94
Let z(u) = -u**3 + u**2 + 52*u + 142. What is z(0)?
142
Let b(s) = -2002228*s + 10011128. What is b(5)?
-12
Let j(m) = -49*m**2 - 58*m + 49. Calculate j(1).
-58
Let n(w) = -w**3 + 86*w**2 + 490*w + 67. Calculate n(-5).
-108
Let u(w) = w**3 - 112*w**2 + 60*w - 6734. What is u(112)?
-14
Let u(n) = n**3 + 5*n**2 + 354*n + 1054. Determine u(-3).
10
Let t(y) = -7*y**2 - 62*y + 342. Determine t(-19).
-1007
Let w(g) = -4*g**2 - 200*g + 40763. Determine w(-129).
-1
Let h(x) = x**3 + 215*x**2 - 669*x - 3290. Give h(-218).
-20
Let s(r) = -426201*r + 426155. Determine s(1).
-46
Let t(y) = -15*y**2 - 3487*y + 20714. Determine t(6).
-748
Let m(d) = 1562*d - 132768. Calculate m(85).
2
Let m(d) = -2*d**3 + 375*d**2 - 6847*d + 83. Determine m(167).
83
Let a(p) = 51*p**3 - 710*p**2 - 57*p + 16. Give a(14).
2
Let s(y) = -15*y**3 + 7978*y**2 + 1001*y + 33554. Determine s(532).
38
Let i(l) = l**3 + 44*l**2 - 5398*l - 209218. Determine i(-37).
91
Let u(a) = 123*a**2 + 3806*a - 172. Calculate u(-31).
45
Let x(h) = 8*h**3 - 200*h**2 + 21*h - 530. Determine x(25).
-5
Let d(l) = 3*l**2 + 984*l - 3971. Give d(4).
13
Let t(x) = 32654*x - 13682029. Give t(419).
-3
Let i(s) = -s**2 + 626*s - 54204. Determine i(104).
84
Let t(k) = -6*k**3 - 12*k**2 + 9*k - 15. Give t(-3).
12
Let t(p) = -627*p - 23820. Calculate t(-38).
6
Let w(f) = -4*f**2 - 912*f - 8994. What is w(-10)?
-274
Let t(a) = a**3 + 92*a**2 - 15*a - 1261. Give t(-92).
119
Let m(a) = a**3 + 476*a**2 - 2391*a - 913001. What is m(-477)?
-23
Let u(i) = 2*i**2 - 16805*i + 635709. What is u(38)?
7
Let i(u) = 18*u**3 - 520*u**2 - 29*u - 844. What is i(29)?
-3
Let x(s) = -6*s**2 + 423*s + 209. What is x(71)?
-4
Let i(g) = -45*g**2 + 972*g + 3874. Calculate i(-4).
-734
Let k(f) = 416*f - 2392. Calculate k(8).
936
Let q(o) = -161*o - 8302. What is q(-47)?
-735
Let t(g) = -g**3 - 35*g**2 + 234*g - 81. Give t(5).
89
Let i(a) = -3*a**3 - 13*a**2 + 70*a + 280. What is i(-8)?
424
Let f(o) = -8*o**2 + 890*o + 15979. Calculate f(127).
-23
Let l(n) = -5*n**3 + 25*n**2 + 118*n - 2. Give l(-6).
1270
Let x(r) = -r**3 + 321*r**2 + 1009*r - 11991. Determine x(324).
-3
Let f(c) = 3257*c + 65116. Give f(-20).
-24
Let f(v) = 21553*v - 6121030. Determine f(284).
22
Let w(x) = -19120*x + 363322. Determine w(19).
42
Let s(c) = 3*c**3 - 522*c**2 - 526*c + 198. Determine s(175).
23
Let h(p) = 13*p**2 + 714*p + 3486. Calculate h(-49).
-287
Let a(p) = 374*p + 12304. What is a(-34)?
-412
Let g(i) = -13704*i - 1164825. Give g(-85).
15
Let y(q) = q**2 + 158*q - 7456. Give y(39).
227
Let g(w) = -26*w**2 - 9*w + 7. Give g(1).
-28
Let x(q) = 2*q**3 - 1165*q**2 - 7028*q + 2. Give x(-6).
-202
Let o(m) = -622*m + 2127. Give o(4).
-361
Let y(t) = -2188*t + 507623. What is y(232)?
7
Let k(l) = -l**3 - 40*l**2 - 31*l - 1262. Give k(-40).
-22
Let x(q) = -q**2 - 106618*q + 2666080. Determine x(25).
5
Let z(r) = 46*r + 3001. Give z(-65).
11
Let h(c) = 196*c + 57801. Determine h(-295).
-19
Let a(z) = 3104099*z + 27936891. Calculate a(-9).
0
Let m(j) = 4047421*j + 28331950. Give m(-7).
3
Let b(m) = -54387*m - 380700. Give b(-7).
9
Let l(u) = 3*u**2 - 46*u + 303. Calculate l(14).
247
Let l(d) = d**3 - 397*d**2 + 18845*d - 11964. Give l(342).
6
Let j(f) = 4081*f + 69283. What is j(-17)?
-94
Let m(n) = -n**3 + 730*n**2 - 5071*n + 59. Calculate m(7).
-11
Let m(j) = 2*j**3 - 114*j**2 + 713*j - 54. Calculate m(7).
37
Let u(m) = -7477*m - 171982. What is u(-23)?
-11
Let o(g) = -319*g**2 - 1950*g - 425. Calculate o(-6).
-209
Let f(i) = -i**3 + 7*i**2 + 118*i - 668. What is f(5)?
-28
Let d(w) = -2*w**3 + 33*w**2 + 53*w - 72. Calculate d(17).
540
Let g(t) = 11*t**2 + 116*t - 112489. Calculate g(96).
23
Let h(l) = -22*l**2 - 186*l + 969. What is h(-13)?
-331
Let q(f) = 3*f**3 + 29*f**2 + 676*f + 5833. Calculate q(-9).
-89
Let x(q) = 13*q**2 + 5218*q - 35090. What is x(-408)?
-2
Let k(z) = -4097*z - 323686. Give k(-79).
-23
Let w(d) = 7*d**2 + 1100*d - 7082. Give w(-162).
-1574
Let j(s) = -36669*s + 73345. Give j(2).
7
Let n(o) = -5*o**2 - 292*o - 2. Determine n(-58).
114
Let a(m) = -454*m + 11881. Determine a(26).
77
Let l(y) = -2231*y**2 - 6700*y - 8. What is l(-3)?
13
Let c(f) = -f**2 - 1339*f + 141850. Give c(99).
-512
Let s(q) = 15*q**2 + 2200*q + 10634. Determine s(-5).
9
Let n(c) = -10138*c + 91549. Give n(9).
307
Let p(j) = 964*j - 75712. Calculate p(79).
444
Let f(u) = -4*u**2 + 69*u - 966. Calculate f(7).
-679
Let y(w) = -39*w**2 + 2664*w + 45. Determine y(68).
861
Let r(c) = -5*c**2 + 215*c - 1478. What is r(24)?
802
Let p(s) = 4534*s - 685023. Determine p(151).
-389
Let s(d) = 2*d**2 - 110*d + 1364. Calculate s(26).
-144
Let k(x) = -11267*x + 101384. Calculate k(9).
-19
Let o(q) = 964*q + 27972. Determine o(-29).
16
Let j(i) = -i**3 - 39*i**2 - 35*i - 3070. Determine j(-40).
-70
Let r(s) = 92*s - 12726. What is r(136)?
-214
Let l(m) = m**2 + 1645*m + 30985. Determine l(-19).
91
Let h(z) = 8033*z + 48640. Give h(-6).
442
Let k(x) = x**3 - 3*x**2 + 109*x + 305. Give k(-14).
-4553
Let t(c) = -245332*c + 3679992. Calculate t(15).
12
Let m(z) = -z**3 - 87*z**2 + 291*z + 335. Determine m(-90).
-1555
Let a(l) = l**3 + 29*l**2 - 517*l - 14266. Calculate a(-30).
344
Let n(w) = 213300*w - 426610. Give n(2).
-10
Let x(r) = -10402*r - 613721. What is x(-59)?
-3
Let u(y) = 88*y**2 - 23149*y + 1313. Give u(263).
-2
Let a(v) = 1638*v**2 + 26203*v - 89. What is a(-16)?
-9
Let j(h) = -25726*h + 1209115. What is j(47)?
-7
Let i(b) = -2*b**3 + 2*b**2 + 584*b - 3587. Give i(7).
-87
Let a(h) = -6*h**3 - 101*h**2 - 440*h - 52. What is a(-9)?
101
Let t(o) = 5*o**3 + 101*o**2 + 289*o + 12. What is t(-17)?
-277
Let h(o) = o**3 - 39*o**2 - 613*o + 20055. Calculate h(42).
-399
Let y(n) = -n**3 - 37*n**2 + 3082*n - 330. Give y(40).
-250
Let f(v) = 15620*v + 171828. Give f(-11).
8
Let j(x) = -x**3 + 220*x**2 - 230*x + 1686. Give j(219).
-723
Let p(v) = -v**3 + 37*v**2 - 335*v - 73. Give p(17).
12
Let d(n) = n**3 - 215*n**2 + 2631*n - 614956. Calculate d(216).
-4
Let j(d) = -2*d**2 - 241*d - 3096. What is j(-13)?
-301
Let a(g) = 3*g**3 + 171*g**2 + 193*g + 1590. Determine a(-56).
190
Let g(v) = -2*v**3 - 443*v**2 + 13146*v + 497. Determine g(-248).
1
Let g(w) = -1991*w + 2336. What is g(1)?
345
Let h(i) = i**2 + 486*i + 42477. What is h(-114)?
69
Let f(t) = -13130*t + 107363. Calculate f(8).
2323
Let g(u) = -277*u**2 - 1356*u + 146. Give g(-5).
1
Let n(d) = -162*d**2 - 646*d - 7. Determine n(-4).
-15
Let c(x) = 2830*x - 849000. Give c(300).
0
Let w(k) = k**3 + 17*k**2 + 74890*k + 1198031. Calculate w(-16).
47
Let i(y) = -11478*y + 9675977. Give i(843).
23
Let c(k) = 84*k - 1339